{"id":291,"date":"2022-05-12T18:59:09","date_gmt":"2022-05-12T16:59:09","guid":{"rendered":"http:\/\/www.coppateodori.org\/?page_id=291"},"modified":"2022-05-16T15:49:32","modified_gmt":"2022-05-16T13:49:32","slug":"la-storia","status":"publish","type":"page","link":"https:\/\/www.coppateodori.org\/index.php\/la-storia\/","title":{"rendered":"La Storia"},"content":{"rendered":"\n<h2 class=\"wp-block-heading\">1962 &#8211; 1970<\/h2>\n\n\n\n<p class=\"wp-block-paragraph\">La gara conobbe la sua prima edizione nel 1962 ma occorre ricordare che gare automobilistiche di velocit\u00e0 su percorsi stradali erano state in precedenza organizzate dall&#8217;Automobile Club di Ascoli Piceno, presente sul nostro territorio dal 1914 anno della sua fondazione. L&#8217;attivit\u00e0 sportiva ebbe inizio negli anni 1930 e 1931 con la disputa del &#8220;Circuito del Piceno&#8221;, dall&#8217;anno 1932 al 1936 con la &#8220;Coppa d&#8217;Ascoli&#8221; e dall&#8217;anno 1932 al 1938 con il &#8220;Circuito delle Caldaie&#8221;. Gli eventi bellici dell&#8217;epoca non consentirono di organizzare manifestazioni sportive e solo dal 1947 si torn\u00f2 a gareggiare con il &#8220;Circuito delle Zeppelle&#8221; fino al 1950 e con il &#8220;Circuito delle Caldaie&#8221; dal 1951 al 1960.<\/p>\n\n\n\n<p class=\"wp-block-paragraph\">Nel 1962 come detto, ebbe luogo la prima edizione della cronoscalata &#8220;Ascoli &#8211; S. Marco&#8221; valevole per la Coppa Italia e da allora fino ai giorni nostri si \u00e8 svolta senza soluzione di continuit\u00e0 grazie all&#8217;impegno profuso dall&#8217;Automobile Club di Ascoli Piceno ed in particolare per l&#8217;amore che i presidenti Paolino Teodori, Serafino Panichi, Innocenzo Cenciarini, Emidio Cappelli e Elio Galanti hanno dimostrato per le competizioni automobilistiche.<\/p>\n\n\n\n<p class=\"wp-block-paragraph\">Ricordiamo con piacere, che nel 1969 la corsa &#8220;Ascoli &#8211; S. Marco&#8221; assunse la denominazione di Coppa Paolino Teodori, nel ricordo dello stimatissimo presidente. La prima edizione aveva i nastri di partenza nell&#8217;abitato della citt\u00e0 di Ascoli Piceno, dal Viale Marconi, come tutti gli appassionati ricorderanno, dove un folto pubblico si accalcava sui marciapiedi del viale per ammirare i bolidi che partivano per affrontare gli originari Km. 10,800.<\/p>\n\n\n\n<h2 class=\"wp-block-heading\">1970 &#8211; 1980<\/h2>\n\n\n\n<p class=\"wp-block-paragraph\">Nel corso degli anni la manifestazione ha dovuto subire vari cambiamenti , soprattutto per ragioni legate alla sicurezza dei piloti e del pubblico, perci\u00f2 inizialmente si stabil\u00ec di spostare la partenza all&#8217;imbocco di Via 3 Ottobre (Km. 10,600) e dal 1974 la partenza fu spostata oltre la Clinica S. Marco (Km. 10,200) con l&#8217;eccezione del 1976 quando con l&#8217;ottenimento della validit\u00e0 per il Campionato Europeo della Montagna si torn\u00f2 a partire dall&#8217;imbocco di Via 3 Ottobre.<\/p>\n\n\n\n<p class=\"wp-block-paragraph\">La crescente difficolt\u00e0 nell&#8217;ottenimento dei permessi da parte della Commissione di Vigilanza fece nascere l&#8217;idea di spostare tutto il percorso pi\u00f9 a monte; cos\u00ec nel 1987 si decise di lasciare completamente l&#8217;abitato della citt\u00e0 di Ascoli e spostare la linea di partenza nella frazione Piagge avanzando, inoltre, il traguardo in localit\u00e0 S. Giacomo per mantenere il minimo di 10 Km richiesto all&#8217;epoca per manifestazioni internazionali.<\/p>\n\n\n\n<h2 class=\"wp-block-heading\">1990 &#8211; 2000 <\/h2>\n\n\n\n<p class=\"wp-block-paragraph\">Ultima e definitiva variante (1997) fu lo spostamento della partenza sul pianoro del Colle S. Marco con arrivo a S. Giacomo e disputa della gara in due manche con somma di tempi.<\/p>\n\n\n\n<p class=\"wp-block-paragraph\">Questi cambiamenti hanno certamente modificato l&#8217;approccio degli sportivi e del pubblico, basti pensare al ricordo di quanti assistevano alla corsa nei famosi primi tornanti della &#8220;Ascoli &#8211; S. Marco&#8221;, di quanti ammiravano le auto alla partenza ed erano l\u00ec ad ascoltare il rombo dei motori, dei piloti che equiparavano la strada ad un circuito e l&#8217;apprezzavano per questo. Ma come gi\u00e0 detto, la necessit\u00e0 di salvaguardare l&#8217;incolumit\u00e0 del pubblico e dei piloti, le continue innovazioni tecniche delle auto e dei motori e l&#8217;aumento delle velocit\u00e0 hanno consigliato di apportare le dovute e necessarie modifiche al tracciato. Va in ogni modo detto che il fascino della corsa e la sua validit\u00e0 tecnica sono rimaste del tutto immutate, poich\u00e9 ancora oggi la manifestazione trova un importante apprezzamento fra piloti, tecnici e pubblico partecipante.<\/p>\n\n\n\n<p class=\"wp-block-paragraph\">La cronoscalata ha iniziato il suo cammino come manifestazione di Coppa Italia, successivamente \u00e8 stata titolata per il campionato Italiano ed Europeo di velocit\u00e0 in salita. Dopo aver attraversato negli anni \u201990 un decennio difficile che ne ha messo in forse pi\u00f9 volte l\u2019organizzazione e che ha portato alla perdita delle titolazioni, \u00e8 rientrata a pieno titolo nel &#8220;gotha&#8221; delle competizioni automobilistiche nazionali e scalando la graduatoria dei consensi europei ha conquistato nel 2008 la titolazione FIA per arrivare nel 2013, dopo un assenza durata 24 anni, a fregiarsi nuovamente del massimo riconoscimento continentale quale prova di Campionato Europeo della Montagna. Fa piacere ricordare, inoltre, che la nostra gara \u00e8 stata all&#8217;avanguardia nel campo delle competizioni legate a tecnologie sperimentali, con l&#8217;organizzazione nel 1992 della Coppa FIA, riservata a veicoli elettrosolari.<\/p>\n\n\n\n<h2 class=\"wp-block-heading\">Fino ad oggi<\/h2>\n\n\n\n<p class=\"wp-block-paragraph\">Per il Gruppo Sportivo Automobile Club Ascoli Piceno organizzare ogni anno la gara \u00e8 anche accogliere le richieste di giovani e meno giovani, della nostra citt\u00e0 e della provincia, appassionati dello sport automobilistico. Ricordiamo che la manifestazione sportiva \u00e8 seguita da circa 10 mila spettatori che si posizionano lungo tutto il percorso, godendo oltre ch\u00e9 dell&#8217;evento sportivo anche degli splendidi scenari naturali offerti dal Colle S. Marco e dal Colle S. Giacomo.<\/p>\n","protected":false},"excerpt":{"rendered":"<p>1962 &#8211; 1970 La gara conobbe la sua prima edizione nel 1962 ma occorre ricordare che gare automobilistiche di velocit\u00e0 su percorsi stradali erano state in precedenza organizzate dall&#8217;Automobile Club di Ascoli Piceno, presente sul nostro territorio dal 1914 anno della sua fondazione. L&#8217;attivit\u00e0 sportiva ebbe inizio negli anni 1930 e 1931 con la disputa [&hellip;]<\/p>\n","protected":false},"author":1,"featured_media":0,"parent":0,"menu_order":0,"comment_status":"closed","ping_status":"closed","template":"","meta":{"_crdt_document":"","om_disable_all_campaigns":false,"_monsterinsights_skip_tracking":false,"_monsterinsights_sitenote_active":false,"_monsterinsights_sitenote_note":"","_monsterinsights_sitenote_category":0,"_uf_show_specific_survey":0,"_uf_disable_surveys":false,"ngg_post_thumbnail":0,"footnotes":""},"class_list":["post-291","page","type-page","status-publish","hentry"],"_links":{"self":[{"href":"https:\/\/www.coppateodori.org\/index.php\/wp-json\/wp\/v2\/pages\/291","targetHints":{"allow":["GET"]}}],"collection":[{"href":"https:\/\/www.coppateodori.org\/index.php\/wp-json\/wp\/v2\/pages"}],"about":[{"href":"https:\/\/www.coppateodori.org\/index.php\/wp-json\/wp\/v2\/types\/page"}],"author":[{"embeddable":true,"href":"https:\/\/www.coppateodori.org\/index.php\/wp-json\/wp\/v2\/users\/1"}],"replies":[{"embeddable":true,"href":"https:\/\/www.coppateodori.org\/index.php\/wp-json\/wp\/v2\/comments?post=291"}],"version-history":[{"count":2,"href":"https:\/\/www.coppateodori.org\/index.php\/wp-json\/wp\/v2\/pages\/291\/revisions"}],"predecessor-version":[{"id":448,"href":"https:\/\/www.coppateodori.org\/index.php\/wp-json\/wp\/v2\/pages\/291\/revisions\/448"}],"wp:attachment":[{"href":"https:\/\/www.coppateodori.org\/index.php\/wp-json\/wp\/v2\/media?parent=291"}],"curies":[{"name":"wp","href":"https:\/\/api.w.org\/{rel}","templated":true}]}}

<h2 class="wp-block-heading">1962 &#8211; 1970</h2>



<p class="wp-block-paragraph">La gara conobbe la sua prima edizione nel 1962 ma occorre ricordare che gare automobilistiche di velocità su percorsi stradali erano state in precedenza organizzate dall&#8217;Automobile Club di Ascoli Piceno, presente sul nostro territorio dal 1914 anno della sua fondazione. L&#8217;attività sportiva ebbe inizio negli anni 1930 e 1931 con la disputa del &#8220;Circuito del Piceno&#8221;, dall&#8217;anno 1932 al 1936 con la &#8220;Coppa d&#8217;Ascoli&#8221; e dall&#8217;anno 1932 al 1938 con il &#8220;Circuito delle Caldaie&#8221;. Gli eventi bellici dell&#8217;epoca non consentirono di organizzare manifestazioni sportive e solo dal 1947 si tornò a gareggiare con il &#8220;Circuito delle Zeppelle&#8221; fino al 1950 e con il &#8220;Circuito delle Caldaie&#8221; dal 1951 al 1960.</p>



<p class="wp-block-paragraph">Nel 1962 come detto, ebbe luogo la prima edizione della cronoscalata &#8220;Ascoli &#8211; S. Marco&#8221; valevole per la Coppa Italia e da allora fino ai giorni nostri si è svolta senza soluzione di continuità grazie all&#8217;impegno profuso dall&#8217;Automobile Club di Ascoli Piceno ed in particolare per l&#8217;amore che i presidenti Paolino Teodori, Serafino Panichi, Innocenzo Cenciarini, Emidio Cappelli e Elio Galanti hanno dimostrato per le competizioni automobilistiche.</p>



<p class="wp-block-paragraph">Ricordiamo con piacere, che nel 1969 la corsa &#8220;Ascoli &#8211; S. Marco&#8221; assunse la denominazione di Coppa Paolino Teodori, nel ricordo dello stimatissimo presidente. La prima edizione aveva i nastri di partenza nell&#8217;abitato della città di Ascoli Piceno, dal Viale Marconi, come tutti gli appassionati ricorderanno, dove un folto pubblico si accalcava sui marciapiedi del viale per ammirare i bolidi che partivano per affrontare gli originari Km. 10,800.</p>



<h2 class="wp-block-heading">1970 &#8211; 1980</h2>



<p class="wp-block-paragraph">Nel corso degli anni la manifestazione ha dovuto subire vari cambiamenti , soprattutto per ragioni legate alla sicurezza dei piloti e del pubblico, perciò inizialmente si stabilì di spostare la partenza all&#8217;imbocco di Via 3 Ottobre (Km. 10,600) e dal 1974 la partenza fu spostata oltre la Clinica S. Marco (Km. 10,200) con l&#8217;eccezione del 1976 quando con l&#8217;ottenimento della validità per il Campionato Europeo della Montagna si tornò a partire dall&#8217;imbocco di Via 3 Ottobre.</p>



<p class="wp-block-paragraph">La crescente difficoltà nell&#8217;ottenimento dei permessi da parte della Commissione di Vigilanza fece nascere l&#8217;idea di spostare tutto il percorso più a monte; così nel 1987 si decise di lasciare completamente l&#8217;abitato della città di Ascoli e spostare la linea di partenza nella frazione Piagge avanzando, inoltre, il traguardo in località S. Giacomo per mantenere il minimo di 10 Km richiesto all&#8217;epoca per manifestazioni internazionali.</p>



<h2 class="wp-block-heading">1990 &#8211; 2000 </h2>



<p class="wp-block-paragraph">Ultima e definitiva variante (1997) fu lo spostamento della partenza sul pianoro del Colle S. Marco con arrivo a S. Giacomo e disputa della gara in due manche con somma di tempi.</p>



<p class="wp-block-paragraph">Questi cambiamenti hanno certamente modificato l&#8217;approccio degli sportivi e del pubblico, basti pensare al ricordo di quanti assistevano alla corsa nei famosi primi tornanti della &#8220;Ascoli &#8211; S. Marco&#8221;, di quanti ammiravano le auto alla partenza ed erano lì ad ascoltare il rombo dei motori, dei piloti che equiparavano la strada ad un circuito e l&#8217;apprezzavano per questo. Ma come già detto, la necessità di salvaguardare l&#8217;incolumità del pubblico e dei piloti, le continue innovazioni tecniche delle auto e dei motori e l&#8217;aumento delle velocità hanno consigliato di apportare le dovute e necessarie modifiche al tracciato. Va in ogni modo detto che il fascino della corsa e la sua validità tecnica sono rimaste del tutto immutate, poiché ancora oggi la manifestazione trova un importante apprezzamento fra piloti, tecnici e pubblico partecipante.</p>



<p class="wp-block-paragraph">La cronoscalata ha iniziato il suo cammino come manifestazione di Coppa Italia, successivamente è stata titolata per il campionato Italiano ed Europeo di velocità in salita. Dopo aver attraversato negli anni ’90 un decennio difficile che ne ha messo in forse più volte l’organizzazione e che ha portato alla perdita delle titolazioni, è rientrata a pieno titolo nel &#8220;gotha&#8221; delle competizioni automobilistiche nazionali e scalando la graduatoria dei consensi europei ha conquistato nel 2008 la titolazione FIA per arrivare nel 2013, dopo un assenza durata 24 anni, a fregiarsi nuovamente del massimo riconoscimento continentale quale prova di Campionato Europeo della Montagna. Fa piacere ricordare, inoltre, che la nostra gara è stata all&#8217;avanguardia nel campo delle competizioni legate a tecnologie sperimentali, con l&#8217;organizzazione nel 1992 della Coppa FIA, riservata a veicoli elettrosolari.</p>



<h2 class="wp-block-heading">Fino ad oggi</h2>



<p class="wp-block-paragraph">Per il Gruppo Sportivo Automobile Club Ascoli Piceno organizzare ogni anno la gara è anche accogliere le richieste di giovani e meno giovani, della nostra città e della provincia, appassionati dello sport automobilistico. Ricordiamo che la manifestazione sportiva è seguita da circa 10 mila spettatori che si posizionano lungo tutto il percorso, godendo oltre ché dell&#8217;evento sportivo anche degli splendidi scenari naturali offerti dal Colle S. Marco e dal Colle S. Giacomo.</p>

<p>1962 &#8211; 1970 La gara conobbe la sua prima edizione nel 1962 ma occorre ricordare che gare automobilistiche di velocità su percorsi stradali erano state in precedenza organizzate dall&#8217;Automobile Club di Ascoli Piceno, presente sul nostro territorio dal 1914 anno della sua fondazione. L&#8217;attività sportiva ebbe inizio negli anni 1930 e 1931 con la disputa [&hellip;]</p>
